culate h(-2).
43
Let h(m) = -5*m - 7. Give h(-3).
8
Let a(s) = 2*s**3 + 202*s**2 + 213*s + 1289. Calculate a(-100).
-11
Let c(z) = z**3 - 54*z**2 + 511*z - 70. Determine c(12).
14
Let w(z) = 7*z**3 + 132*z**2 - 24*z - 79. Calculate w(-19).
16
Let k(h) = 2*h - 539. Give k(39).
-461
Let a(u) = 50*u**3 + 51*u**2 - 2. Calculate a(-1).
-1
Let y(b) = 5*b**2 - 81*b + 472. What is y(8)?
144
Let v(j) = -j**3 - 13*j**2 - 22*j + 18. Calculate v(-10).
-62
Let s(i) = 115*i**3 + 3*i**2 - 4*i + 1. Calculate s(1).
115
Let k(i) = i**3 - 36*i**2 + 276*i - 31. Calculate k(25).
-6
Let d(l) = 37*l - 18. Calculate d(-3).
-129
Let o(s) = -7*s**3 - 164*s**2 - 76*s - 140. Calculate o(-23).
21
Let z(q) = 11*q**2 - 97*q + 459. Calculate z(5).
249
Let r(m) = -m**3 + 6*m**2 - 125*m + 677. What is r(6)?
-73
Let c(i) = 2*i - 93. What is c(-24)?
-141
Let u(w) = -4*w**2 + 413*w - 1293. Give u(100).
7
Let y(x) = -x - 9. Calculate y(47).
-56
Let f(h) = -3*h - 220. What is f(-76)?
8
Let s(p) = 83*p + 5139. Determine s(-62).
-7
Let s(f) = -17*f**3 + 2*f**2 + 4*f + 5. Determine s(-2).
141
Let g(u) = -6*u**2 + 31*u - 26. Determine g(6).
-56
Let i(d) = -3*d**3 + 7*d**2 + 17*d - 50. Determine i(3).
-17
Let u(x) = -120*x + 837. Determine u(7).
-3
Let y(i) = i**3 - 10*i**2 - 30*i + 413. Calculate y(8).
45
Let x(y) = y**2 - 17*y - 160. Give x(23).
-22
Let n(k) = k**2 - 57*k - 457. Calculate n(64).
-9
Let z(j) = j**2 + 1647*j - 8250. Determine z(5).
10
Let d(o) = -29*o - 516. Determine d(-18).
6
Let t(a) = 3*a**2 + 47*a - 308. What is t(5)?
2
Let t(g) = 2*g**2 - 10*g + 19. Determine t(7).
47
Let s(z) = 19*z - 205. Calculate s(10).
-15
Let f(m) = -2*m**2 - 2661*m - 5315. What is f(-2)?
-1
Let s(w) = w**3 + 7*w**2 + w - 32. Determine s(-4).
12
Let v(b) = b**2 + 58*b + 558. Calculate v(-46).
6
Let t(j) = -3*j**3 - 10*j**2 + 12*j + 32. What is t(-2)?
-8
Let x(h) = h**3 - 9*h**2 - 7*h - 2. What is x(9)?
-65
Let s(p) = -p**3 - 4*p**2 + 325*p - 1245. Give s(4).
-73
Let m(u) = u**2 + 20*u - 673. Give m(14).
-197
Let o(v) = 40*v**2 - 483*v - 39. Give o(12).
-75
Let j(g) = -10*g**2 - 15*g + 41. Calculate j(4).
-179
Let f(b) = b**2 - 124*b - 62207. Calculate f(319).
-2
Let t(m) = m**3 - 14*m**2 - 14*m - 43. What is t(15)?
-28
Let g(w) = 604*w + 4072. What is g(-7)?
-156
Let w(b) = b**3 - 9*b**2 - 40*b - 5. Determine w(12).
-53
Let o(x) = -44*x + 1868. What is o(42)?
20
Let f(u) = 41*u + 292. Give f(-8).
-36
Let p(m) = -161*m - 3209. What is p(-20)?
11
Let u(m) = 4685*m - 14152. Give u(3).
-97
Let l(d) = 15*d + 12. Calculate l(-2).
-18
Let t(u) = 4*u**3 + 103*u**2 - 21*u + 130. Give t(-26).
0
Let j(n) = -10*n**3 - 4*n**2 - 9*n - 6. Calculate j(-3).
255
Let d(h) = -2*h**3 + 7*h**2 - 12*h. What is d(6)?
-252
Let v(c) = -c**3 - 63*c**2 - 249*c - 15673. Give v(-63).
14
Let c(m) = 57*m + 507. Determine c(0).
507
Let y(z) = -z**2 - 196*z - 5533. Determine y(-34).
-25
Let a(j) = -249*j + 24945. Give a(100).
45
Let c(n) = 47*n + 1685. What is c(-36)?
-7
Let j(r) = r**3 + 3*r**2 + 33*r + 149. What is j(-4)?
1
Let v(c) = -3*c**2 + 9*c + 126. What is v(-6)?
-36
Let i(r) = 2*r**3 + 20*r**2 + 9*r - 10. Determine i(-11).
-351
Let r(g) = 457*g + 2273. Calculate r(-5).
-12
Let d(x) = -2*x**3 - 24*x**2 + 88*x + 21. Determine d(4).
-139
Let r(i) = -122*i + 3251. Calculate r(29).
-287
Let d(h) = 220*h + 5267. What is d(-24)?
-13
Let a(z) = -48*z - 3758. Determine a(-79).
34
Let g(l) = 237*l - 368. Calculate g(2).
106
Let d(v) = 40*v + 840. What is d(-21)?
0
Let c(x) = 12*x + 212. Determine c(-20).
-28
Let j(f) = 28*f - 79. What is j(6)?
89
Let g(f) = 36*f**2 + 104*f - 440. What is g(4)?
552
Let u(k) = k**3 - 8*k**2 + 12*k + 9. What is u(5)?
-6
Let f(c) = c**2 - 33*c + 17. What is f(28)?
-123
Let k(n) = -5827*n - 29124. What is k(-5)?
11
Let h(g) = -11*g**2 - 52*g - 68. Determine h(-6).
-152
Let t(w) = w**3 + 11*w**2 - 8*w - 56. What is t(-11)?
32
Let u(x) = -528*x + 7946. Give u(15).
26
Let c(p) = p**3 + 2*p**2 - 55*p - 151. Determine c(-7).
-11
Let q(u) = u**2 + 102*u - 1217. Give q(11).
26
Let p(o) = o**3 - 205*o**2 - 175*o - 6386. Determine p(206).
0
Let t(j) = -j**2 - 183*j - 3145. What is t(-164)?
-29
Let t(w) = w**3 + 7*w**2 - 2*w - 3. Give t(-7).
11
Let g(k) = 8*k**3 - 55*k**2 - 10*k + 1. Calculate g(7).
-20
Let w(p) = -4*p**3 - 11*p**2 - 5*p - 8. What is w(-2)?
-10
Let u(y) = -y**3 - 16*y**2 + 51*y + 819. Calculate u(-16).
3
Let y(z) = -2194*z - 10975. Give y(-5).
-5
Let f(n) = 276*n + 4963. Calculate f(-18).
-5
Let f(x) = -3655*x + 25591. What is f(7)?
6
Let c(i) = -2*i**2 - 2466*i - 4923. Calculate c(-2).
1
Let s(m) = m**2 - m - 146. Calculate s(-11).
-14
Let g(m) = -42*m**2 + m. What is g(-1)?
-43
Let n(g) = -2*g**2 - 76*g - 655. What is n(-13)?
-5
Let q(j) = j**2 + 36*j + 19. Calculate q(0).
19
Let z(b) = -63*b + 121. Determine z(7).
-320
Let d(m) = -521*m + 1240. Determine d(4).
-844
Let p(v) = -2*v**3 - 49*v**2 - v - 667. What is p(-25)?
-17
Let k(j) = 3*j**3 + 13*j**2 + 23*j + 80. What is k(-5)?
-85
Let i(p) = -p**2 + 500*p - 50174. What is i(139)?
5
Let i(p) = -5*p**2 - 8*p + 124. Calculate i(6).
-104
Let a(y) = 15*y + 208. Give a(-27).
-197
Let k(g) = -g**2 + 27*g + 65. Calculate k(26).
91
Let u(f) = f**2 + 79*f - 901. Determine u(-97).
845
Let k(q) = q**3 - 17*q**2 + 58*q - 85. Determine k(13).
-7
Let x(j) = 81*j + 1299. Give x(-16).
3
Let n(d) = -d**3 - 7*d**2 + 95*d - 40. What is n(-14)?
2
Let h(y) = -4*y**3 - 9*y**2 + 12. Determine h(-5).
287
Let f(v) = 4*v**3 - 38*v**2 + 85*v + 10. Determine f(6).
16
Let u(c) = -c**3 + 22*c**2 - 15*c - 68. Give u(21).
58
Let u(m) = -21*m + 803. What is u(7)?
656
Let r(q) = 334*q + 1302. Determine r(-4).
-34
Let i(f) = -278*f + 85621. Give i(308).
-3
Let t(h) = -19*h**2 - 57*h - 12. Determine t(-4).
-88
Let r(j) = -5*j**2 + 17*j + 95. Determine r(7).
-31
Let n(k) = 542*k - 26561. What is n(49)?
-3
Let w(m) = 35346*m + 70689. Calculate w(-2).
-3
Let c(b) = 81*b**2 - 492*b + 40. Determine c(6).
4
Let y(m) = m**2 - 82*m - 1449. Give y(-15).
6
Let w(n) = 2*n**3 + n**2 - 10*n + 20. What is w(-6)?
-316
Let n(x) = -x**3 + 4*x**2 + 41*x - 175. What is n(6)?
-1
Let z(b) = b**3 + 103*b**2 + 111*b + 772. Give z(-102).
-146
Let a(l) = 16*l**2 - 60*l - 40. What is a(4)?
-24
Let o(s) = s**2 + 53*s + 7. What is o(11)?
711
Let i(f) = -f**3 + 6*f**2 + 112*f + 349. Give i(15).
4
Let j(m) = -2*m**3 + 116*m**2 + 125*m - 414. Calculate j(59).
-1
Let z(m) = -27*m + 794. Determine z(25).
119
Let h(v) = 4*v**2 + 25*v - 31. Calculate h(-8).
25
Let x(o) = 9*o + 16. Give x(-27).
-227
Let d(r) = -445*r + 483. Give d(1).
38
Let b(k) = -k**2 - 108*k + 3360. What is b(25)?
35
Let j(n) = -150*n - 1310. Give j(-9).
40
Let a(v) = 17*v - 154. Determine a(6).
-52
Let b(l) = 3*l**3 - 105*l**2 + 2*l - 251. Calculate b(35).
-181
Let y(o) = 2*o**3 + 71*o**2 - 31*o - 61. What is y(-36)?
-241
Let g(z) = 3*z**2 + 50*z + 210. Determine g(-6).
18
Let y(n) = -n**2 + 25*n - 5. Calculate y(11).
149
Let z(p) = -p**3 + 16*p**2 + 7*p + 437. Calculate z(16).
549
Let u(i) = 72*i**2 - 28*i + 43. What is u(2)?
275
Let y(r) = 1006*r + 692. Give y(-1).
-314
Let c(j) = -11*j**3 - 2*j**2 + 29*j - 26. Calculate c(1).
-10
Let o(r) = -r**3 - 99*r**2 - 385*r - 466. Calculate o(-95).
9
Let a(b) = -b**3 + 3*b + 15. Calculate a(0).
15
Let i(l) = 85*l - 1799. Give i(22).
71
Let w(r) = -1487*r + 230493. What is w(155)?
8
Let x(s) = s**3 - 10*s**2 + 8*s - 62. What is x(9)?
-71
Let w(f) = -109*f + 31. Calculate w(-1).
140
Let b(g) = -g**3 - 2*g**2 + 71*g + 46. Calculate b(-10).
136
Let w(t) = 3*t**3 - 14*t**2 - 192*t - 188. Determine w(11).
-1
Let r(k) = 15*k + 334. Calculate r(-24).
-26
Let i(y) = y**3 + 21*y**2 - 52*y - 81. Calculate i(-23).
57
Let h(x) = -25*x**3 - 23*x**2 + 2*x + 2. What is h(-1)?
2
Let q(d) = -629*d + 155996. Calculate q(248).
4
Let u(g) = g**2 + 141*g + 2422. Give u(-121).
2
Let l(v) = 2*v**3 - 12*v**2 - 58. Determine l(7).
40
Let b(a) = 669*a + 115074. Determine b(-172).
6
Let a(p) = p**3 + 2*p**2 - 26*p + 34. Calculate a(3).
1
Let t(d) = d**3 - 20*d**2 + 56*d - 350. Determine t(18).
10
Let a(j) = -16311*j + 97870. Calculate a(6).
4
Let u(z) = z**2 + 54*z + 443. Determine u(-10).
3
Let i(f) = -127*f + 3053. Give i(24).
5
Let r(i) = 121*i**2 + 1815*i + 7. What is r(-15)?
7
Let n(y) = -45*y**3 - 409*y**2 -